t of z(8)?
6
Suppose 0 = -5*n + h + 4334, -2*n = -2*h + 5*h - 1720. What is the tens digit of n?
6
Let y = 1 + 9. Let n(s) = -s**2 + 12*s - 18. Let f be n(y). What is the units digit of 59 + 5/((-5)/f)?
7
Let w(x) be the third derivative of 0 + 1/30*x**5 - 1/6*x**3 - 6*x**2 + 1/8*x**6 + 0*x - 1/24*x**4. What is the tens digit of w(1)?
1
Let t(h) = -3*h - 2. Let k = -1 - 6. What is the units digit of t(k)?
9
Suppose 27*j - 16699 + 2848 = 0. What is the tens digit of j?
1
Let v(k) = k**3 - 15*k**2 - 22*k - 22. What is the tens digit of v(18)?
5
Suppose -3*n + 12 = n. Suppose 0 = -8*h + n*h + 530. What is the tens digit of h?
0
Suppose 0 = 5*t - 3*y - 403, -28 = -2*y - 20. What is the units digit of t?
3
Let s = 920 - -261. What is the tens digit of s?
8
Let q = 5795 + -3291. Let h be 6/(-10) + q/40. Suppose -4*t = -34 - h. What is the tens digit of t?
2
Suppose 0*l - 2 = -l - 5*y, -2*y - 30 = -4*l. Let u(v) = v**3 - 5*v**2 - 3*v - 4. What is the tens digit of u(l)?
7
Let g be (18/4)/(7/14). Let n(h) = g*h**2 - h**3 - 9*h + 0*h**2 + 3 + h**2 + 5. What is the units digit of n(9)?
8
Let u(t) = -10*t - 25. Let g(s) = -30*s - 74. Let k(w) = 2*g(w) - 7*u(w). What is the tens digit of k(6)?
8
Let v(y) = y**2 + 14*y - 13. Let u be v(-15). Suppose -m + 9 + 38 = 5*i, 0 = u*i. What is the units digit of m?
7
Let v(r) = -10 + 28*r - 71*r + 26*r. What is the tens digit of v(-4)?
5
Suppose -5*l - 25 = -f, -5*l - 18 = -2*f + 7. Suppose f = -c - c + m - 824, 2*m - 2059 = 5*c. What is the units digit of c/(-15) + 4/(-10)?
7
Suppose 81*h = 103*h - 9636. What is the units digit of h?
8
Let k(r) = -r**2 + 8*r + 29. Let x be k(11). What is the tens digit of (x - 304/12 - -4)*-3?
7
Suppose -3*w - 215 = -2*x, 0*x + 330 = 3*x - 3*w. What is the hundreds digit of x?
1
Suppose -h = 4*h - 10. Let u = 13 - h. Let r(b) = b - 1. What is the tens digit of r(u)?
1
Let m(o) = -8*o**3 - 6*o**2 + 13*o - 8. Let t(l) = -7*l**3 - 7*l**2 + 13*l - 8. Let n(q) = 6*m(q) - 7*t(q). What is the tens digit of n(-13)?
7
Let u = -225 - -433. What is the hundreds digit of u?
2
Let t = -1632 - -3409. What is the units digit of t?
7
Let t = 34 - 28. Let y(c) = 27*c + 11. What is the tens digit of y(t)?
7
Let g(l) = 3*l**2 + 2*l - 1. Let c be g(4). Suppose 9 - c = a. What is the units digit of (-9)/(-6) - a/4?
3
Suppose -6*y + 0*y = 210. Let f = y - -34. Let u(k) = -10*k**3 - 2*k**2 + 1. What is the units digit of u(f)?
9
Let k(f) be the first derivative of f**4/4 - 3*f**3 + 15*f**2/2 + 11*f + 10. What is the tens digit of k(8)?
6
Suppose 2*b - 7 = -145. Let h = -14 - b. What is the units digit of h?
5
Let i = -659 + 1324. What is the units digit of i?
5
Let s(p) = p**3 - 2*p - 1. Let d be s(2). Suppose -2*y + 5*y + d = 0. Let k = 9 + y. What is the units digit of k?
8
Suppose -43*j - 17*j + 180 = 0. Suppose 137 = 3*d + 2*n, -2*d - 3*n + 93 = -0*d. Suppose 0 = -j*f + d + 69. What is the tens digit of f?
3
Let o = -727 + 780. What is the tens digit of o?
5
Suppose -5405 = -7*j + 5550. What is the thousands digit of j?
1
Let m(s) = 17*s. Let i be m(1). Suppose x + 5 - i = 0. What is the units digit of x?
2
Suppose 2 + 3 = o. Suppose 3*g - g = 2*u + 20, g + o*u - 28 = 0. Suppose 5*l - 102 = g. What is the units digit of l?
3
Suppose 0*o = 2*o + 202. Let g = 78 - 150. Let r = g - o. What is the units digit of r?
9
Let d(g) = 10*g + 90. What is the units digit of d(6)?
0
Let a be (-1 + 2)/((-3)/(-129)). Let m = a - 77. Let x = -24 - m. What is the units digit of x?
0
Suppose r - 490 = 131. What is the units digit of r?
1
Let y be ((-1)/2)/(3/(-36)). Suppose y = -2*x - 0*x. What is the tens digit of 3/9 + (-59)/x?
2
Suppose 5*v = -l + 67, 2*v - 3*l = 11 + 26. Let a = v + -10. Suppose 0 = 2*y - 18 - a. What is the units digit of y?
1
What is the units digit of (321 + -3)/1 - 6?
2
Let z = -13 - -23. Suppose -4*k - k = -z. Suppose 0 = -k*r, -4*o - r + 24 = 3*r. What is the units digit of o?
6
Let m(a) = 5*a**2 - 2*a. Let i be (5 - -1)*6/(-12). Let z be m(i). Suppose 2*q = c + 43, 0 = -5*q + q - 5*c + z. What is the units digit of q?
9
Let d(y) = y**3 + 4*y**2 - y. Let j be d(-4). Suppose -j*g = 4*n, 2*g + 6 = -n + 4. Suppose 3*v = -i - n + 8, -2*i - 12 = -2*v. What is the units digit of v?
3
Let v(z) = z**2 + 11*z + 13. Let c be v(-10). What is the units digit of (-304)/c*(-54)/48*2?
8
What is the tens digit of 48/10*(-20 - -655)?
4
Let z be (-2688)/(-22) - 8/44. Suppose -i + 5*x + 28 = 0, 2*x - z = -3*i - 2*x. What is the tens digit of i?
3
Let b(j) = -j - 1. Let r be b(-5). Suppose 6*g - 21 = 2*g + 5*n, 12 = r*g + 4*n. Suppose g*z - 3*y = -5*y + 62, 4*z = 2*y + 58. What is the units digit of z?
5
Let a = 4 + -4. Suppose -4*g - r - 1 = a, 0 = -3*g + 8*g + r. What is the units digit of 10/(g/(-3) - -1)?
5
What is the units digit of (-8)/(-28) + 5638/14?
3
Let b be 3 - (3 - 4 - -9). What is the tens digit of 3/((b/1)/(-80))?
4
Let r be 65/39 + 1/3. Let d(s) = 6*s - 9*s**2 - 1 + 5 + s**3 + r*s**2. What is the tens digit of d(7)?
4
Suppose -10 = 5*z, 5*p + 2*z - 14 = -48. Let t = 15 - p. Let l = -18 + t. What is the units digit of l?
3
Let s be (-12)/(-18) - (-391)/3. Let r = s - 61. What is the tens digit of r?
7
Suppose -d + 2*d + 12 = 0. Let v = d + 76. Suppose -4*r + 41 = 2*w - 5*r, -4*r = 4*w - v. What is the tens digit of w?
1
Let o = -432 + 1243. What is the tens digit of o?
1
Suppose 1032 = 3*k - 954. What is the hundreds digit of k?
6
Let v(x) = 9*x**2 + 4*x + 6. Let s be v(4). Suppose -s = -4*i + 126. What is the tens digit of i?
7
Let t(v) = v**3 + 13*v**2 - 13*v + 15. Let m be t(-14). Let f be (-1 + -3 - -1)*m. What is the units digit of (f/15)/(2/(-10))?
1
Let k = -57 - -54. Let x(g) = 10*g**2 + 10*g + 10. What is the units digit of x(k)?
0
Let b(i) = 1245*i**2 + 5*i - 8. What is the units digit of b(1)?
2
Let i = -14 - -12. Let v(s) = -s + 1. Let g be v(i). Suppose 5*m = -4*z + 80, 4*z - 80 = 2*m + g*m. What is the tens digit of z?
2
Let h = 236 + -38. Suppose 3*m - 3*o = h, 4*m = 2*o - 7*o + 228. What is the tens digit of m?
6
Let b(n) = 4*n - 1. Let x be b(-2). Let m = x - -7. What is the units digit of 1/m - (-31)/2?
5
Suppose f = 3*j + 180, 5*j - 1 = -f + 163. What is the tens digit of f?
7
What is the units digit of -10*(3 - 376/20)?
8
Let y = 9 + -20. Suppose -x - 4*l = -36, 1 = 3*l - 14. Let v = y + x. What is the units digit of v?
5
Let v = 290 - -1307. What is the tens digit of v?
9
Suppose -4*f + 2*t + 118 = 0, 10 = -3*t + 5*t. Suppose -f = -3*s - 4*g, -4 = -2*s + 3*g + 6. What is the units digit of s?
8
Suppose 0 = -k - 9 - 14. Let t = -19 - k. Let j(i) = i**3 - 3*i**2 - 2*i - 2. What is the units digit of j(t)?
6
Let n be -4*3/(-4)*1. Let a = n + 1. Suppose k - a*k + 186 = 0. What is the units digit of k?
2
Let d = -400 + 805. Let t = 584 - d. What is the units digit of t?
9
Suppose -w - w = 36. Let h = -13 - w. Suppose 0*t + h = t. What is the units digit of t?
5
Let r be (-2)/(1 + (-81)/78). Suppose -2*g + 5*p - 26 = -3*g, -p = -5*g + r. Let f = -2 + g. What is the units digit of f?
9
Let i(x) = 67*x**2 - 11*x. What is the tens digit of i(5)?
2
Let c = -25 + 35. Let z = 19 - c. Let g(p) = -p**3 + 10*p**2 - 7*p + 15. What is the tens digit of g(z)?
3
Suppose -2*h = 3*i + 2*i + 75, -i = 3. Let z be h/(-9) + 4/6. Suppose 0 = 2*u + z*g - 14, -16 - 9 = 5*g. What is the units digit of u?
7
Suppose -15 = -11*f + 8*f. What is the hundreds digit of (f*(-24)/(-1) - 2) + 4?
1
Suppose -10*a = -20370 - 4970. What is the tens digit of a?
3
Let w(i) = -i**3 + 12*i**2 - 6*i - 1. What is the units digit of w(11)?
4
Suppose 0 = 6*s - 14416 - 3524. What is the units digit of s?
0
Suppose 116*m = 102*m + 39018. What is the units digit of m?
7
Let h be (0 + 1)/((-3)/15). Let z(b) = 3*b - 3. Let v be z(h). Let o = 37 + v. What is the units digit of o?
9
Let o(a) = -1372*a - 13. What is the units digit of o(-1)?
9
Suppose 0 = 6*o + 7*o - 13. What is the units digit of 64/(o/10*4)?
0
Let j be (-5)/15 + 1/3. Suppose -2*g - 2*o = 0, -3*g + 4*o + 2 + 5 = j. What is the units digit of g?
1
What is the tens digit of 4486/(-1)*(150/(-20))/15?
4
Let k = -401 - -764. What is the tens digit of k?
6
What is the tens digit of 4*(2 - (-1878)/3)?
1
Let h(b) be the third derivative of b**5/40 + b**4/8 + b**3/3 - 